
Calculate the highest common factor of 520 and 640.
40
Calculate the highest common divisor of 10 and 1168.
2
What is the highest common divisor of 6567 and 957?
33
What is the highest common divisor of 1166 and 440?
22
Calculate the highest common factor of 2482 and 68.
34
What is the highest common factor of 46059 and 39?
39
Calculate the greatest common factor of 708 and 72.
12
Calculate the greatest common divisor of 8739 and 9.
9
What is the greatest common factor of 2 and 216?
2
Calculate the greatest common factor of 24099 and 1108.
277
What is the greatest common factor of 33 and 5?
1
What is the greatest common factor of 256 and 2176?
128
What is the greatest common factor of 112 and 84?
28
What is the highest common factor of 110 and 440?
110
Calculate the highest common factor of 72 and 120.
24
What is the highest common factor of 3006 and 522?
18
What is the greatest common factor of 212 and 265?
53
Calculate the highest common factor of 6714 and 36.
18
What is the greatest common divisor of 102 and 34?
34
Calculate the greatest common factor of 30923 and 107.
107
Calculate the greatest common divisor of 4 and 4712.
4
What is the greatest common factor of 22 and 7942?
22
Calculate the greatest common factor of 299 and 52.
13
Calculate the highest common factor of 3876 and 152.
76
Calculate the highest common factor of 2 and 958.
2
What is the highest common divisor of 28 and 7?
7
What is the greatest common divisor of 296 and 24?
8
What is the highest common divisor of 5193 and 9?
9
Calculate the highest common divisor of 168 and 2226.
42
What is the highest common factor of 4 and 28?
4
Calculate the highest common divisor of 1632 and 28.
4
Calculate the greatest common divisor of 148 and 3626.
74
Calculate the highest common factor of 14 and 7322.
14
What is the greatest common factor of 49 and 3577?
49
Calculate the greatest common divisor of 18 and 441.
9
What is the highest common factor of 404 and 1?
1
Calculate the greatest common divisor of 2575 and 309.
103
Calculate the highest common divisor of 726 and 42.
6
What is the highest common divisor of 16 and 8?
8
Calculate the highest common factor of 196 and 168.
28
Calculate the greatest common factor of 205 and 451.
41
Calculate the greatest common factor of 140 and 70.
70
What is the highest common factor of 85 and 2788?
17
Calculate the greatest common divisor of 10 and 155.
5
What is the greatest common factor of 238 and 14875?
119
What is the greatest common divisor of 186 and 434?
62
Calculate the highest common divisor of 6666 and 132.
66
Calculate the highest common divisor of 5 and 905.
5
What is the greatest common divisor of 9393 and 101?
101
What is the greatest common factor of 304 and 7144?
152
Calculate the highest common factor of 779 and 19.
19
Calculate the highest common factor of 18216 and 144.
72
What is the highest common factor of 333 and 74?
37
What is the highest common factor of 14 and 224?
14
What is the highest common factor of 1778 and 28?
14
What is the greatest common factor of 528 and 10384?
176
What is the highest common factor of 182 and 26?
26
What is the greatest common factor of 152 and 19000?
152
Calculate the highest common factor of 259 and 37.
37
What is the greatest common divisor of 3154 and 38?
38
What is the greatest common divisor of 220 and 120?
20
Calculate the greatest common factor of 11690 and 20.
10
What is the greatest common factor of 553 and 28?
7
Calculate the highest common divisor of 88 and 22.
22
What is the highest common factor of 1580 and 220?
20
What is the highest common factor of 221 and 3445?
13
What is the greatest common divisor of 325 and 65?
65
Calculate the highest common factor of 123 and 1968.
123
What is the greatest common factor of 70 and 35?
35
What is the highest common divisor of 656 and 2378?
82
What is the highest common divisor of 14 and 7406?
14
Calculate the greatest common factor of 4701 and 3.
3
What is the greatest common factor of 45 and 255?
15
Calculate the greatest common divisor of 147 and 189.
21
What is the highest common divisor of 68 and 1700?
68
Calculate the highest common divisor of 70 and 280.
70
Calculate the highest common factor of 460 and 2185.
115
What is the highest common divisor of 54 and 189?
27
What is the greatest common divisor of 1834 and 42?
14
What is the highest common factor of 14 and 161?
7
Calculate the highest common factor of 17 and 7055.
17
Calculate the greatest common divisor of 294 and 12.
6
Calculate the highest common factor of 132 and 957.
33
Calculate the greatest common divisor of 9937 and 38.
19
Calculate the highest common divisor of 30800 and 350.
350
What is the greatest common divisor of 87 and 48?
3
Calculate the highest common divisor of 2 and 2459.
1
Calculate the greatest common divisor of 160 and 110.
10
What is the highest common factor of 2338 and 14?
14
What is the greatest common factor of 370 and 155?
5
Calculate the greatest common divisor of 54 and 12.
6
What is the highest common factor of 90 and 20?
10
Calculate the greatest common factor of 680 and 1632.
136
What is the highest common divisor of 2 and 12?
2
Calculate the highest common divisor of 165 and 220.
55
Calculate the highest common factor of 656 and 1189.
41
What is the greatest common factor of 44 and 198?
22
What is the highest common divisor of 4321 and 29?
29
What is the highest common divisor of 328 and 410?
82
What is the highest common factor of 8299 and 772?
193
Calculate the greatest common divisor of 30 and 318.
6
What is the greatest common divisor of 56 and 644?
28
What is the highest common factor of 44 and 66?
22
What is the greatest common factor of 464 and 290?
58
What is the greatest common factor of 1116 and 62?
62
Calculate the greatest common divisor of 14 and 350.
14
Calculate the highest common factor of 1400 and 245.
35
Calculate the highest common divisor of 4800 and 112.
16
Calculate the greatest common factor of 9097 and 11.
11
Calculate the greatest common factor of 144 and 656.
16
Calculate the highest common factor of 36 and 25884.
36
What is the highest common factor of 576 and 468?
36
Calculate the greatest common divisor of 15 and 50.
5
Calculate the greatest common factor of 174 and 282.
6
Calculate the highest common divisor of 1089 and 963.
9
What is the highest common factor of 13 and 832?
13
Calculate the highest common divisor of 1026 and 3306.
114
Calculate the greatest common divisor of 14694 and 372.
186
Calculate the greatest common factor of 14 and 721.
7
What is the greatest common factor of 10680 and 979?
89
Calculate the greatest common divisor of 2 and 128.
2
What is the highest common divisor of 72 and 198?
18
What is the highest common divisor of 55 and 85?
5
Calculate the highest common factor of 129 and 11481.
129
Calculate the greatest common factor of 7 and 2149.
7
What is the highest common factor of 663 and 102?
51
What is the highest common divisor of 1776 and 48?
48
What is the greatest common divisor of 28 and 56?
28
Calculate the highest common divisor of 162 and 5913.
81
What is the greatest common factor of 115 and 1030?
5
Calculate the highest common divisor of 28 and 36834.
14
What is the greatest common divisor of 10919 and 179?
179
Calculate the highest common factor of 25 and 1785.
5
What is the highest common factor of 406 and 56?
14
Calculate the highest common factor of 188 and 26038.
94
What is the highest common factor of 40 and 2840?
40
What is the greatest common factor of 360 and 168?
24
What is the greatest common factor of 239 and 44?
1
Calculate the greatest common divisor of 7250 and 1500.
250
Calculate the greatest common divisor of 198 and 330.
66
What is the highest common divisor of 28 and 12?
4
What is the greatest common factor of 26 and 290?
2
What is the greatest common factor of 1 and 83?
1
Calculate the greatest common divisor of 1125 and 125.
125
What is the highest common divisor of 1110 and 930?
30
What is the highest common factor of 150 and 10?
10
What is the highest common divisor of 5751 and 142?
71
What is the greatest common divisor of 170 and 2125?
85
Calculate the highest common divisor of 25 and 5.
5
Calculate the greatest common divisor of 46 and 598.
46
Calculate 